{"id":68,"date":"2022-02-03T10:51:12","date_gmt":"2022-02-03T10:51:12","guid":{"rendered":"http:\/\/e-amonit.pl\/?page_id=68"},"modified":"2022-02-21T13:10:46","modified_gmt":"2022-02-21T13:10:46","slug":"o-nas","status":"publish","type":"page","link":"https:\/\/e-amonit.pl\/?page_id=68","title":{"rendered":"O NAS"},"content":{"rendered":"\t\t<div data-elementor-type=\"wp-page\" data-elementor-id=\"68\" class=\"elementor elementor-68\" data-elementor-settings=\"[]\">\n\t\t\t\t\t\t\t<div class=\"elementor-section-wrap\">\n\t\t\t\t\t\t\t<section class=\"elementor-section elementor-top-section elementor-element elementor-element-e472708 elementor-section-boxed elementor-section-height-default elementor-section-height-default\" data-id=\"e472708\" data-element_type=\"section\">\n\t\t\t\t\t\t<div class=\"elementor-container elementor-column-gap-default\">\n\t\t\t\t\t<div class=\"elementor-column elementor-col-100 elementor-top-column elementor-element elementor-element-5a4653ed\" data-id=\"5a4653ed\" data-element_type=\"column\">\n\t\t\t<div class=\"elementor-widget-wrap elementor-element-populated\">\n\t\t\t\t\t\t\t\t<div class=\"elementor-element elementor-element-3e717c92 elementor-widget elementor-widget-text-editor\" data-id=\"3e717c92\" data-element_type=\"widget\" data-widget_type=\"text-editor.default\">\n\t\t\t\t<div class=\"elementor-widget-container\">\n\t\t\t\t\t\t\t<p><!-- wp:paragraph --><\/p>\n<p><b>O nas<\/b><\/p>\n<p><!-- \/wp:paragraph --><\/p>\n<p><!-- wp:paragraph {\"align\":\"left\"} --><\/p>\n<p class=\"has-text-align-left\">Gospodarstwo znajduje si\u0119 w miejscowo\u015bci Wancerz\u00f3w ko\u0142o Mstowa, 15 km od Cz\u0119stochowy. Na miejscu na naszych go\u015bci czeka 20 miejsc noclegowych w 2,3 lub 4 osobowych pokojach z og\u00f3lnodost\u0119pn\u0105 kuchni\u0105 i \u0142azienk\u0105. Wszystkie pokoje posiadaj\u0105 dost\u0119p do internetu oraz TV. Nasze gospodarstwo posiada miejsce na ognisko a tak\u017ce grilla. Do pa\u0144stwa dyspozji jest r\u00f3wnie\u017c pole namiotowe.<\/p>\n<p><!-- \/wp:paragraph --><\/p>\n<p><!-- wp:paragraph --><\/p>\n<p><b>U Nas czeka Was wiele atrakcji\u2026<\/b><\/p>\n<p><!-- \/wp:paragraph --><\/p>\n<p><!-- wp:paragraph --><\/p>\n<p>Wycieczki z przewodnikiem szlakiem Orlich gniazd, zwiedzanie zamk\u00f3w, osta\u0144c\u00f3w skalnych i jaski\u0144. Wycieczki rowerowe. Emocjonuj\u0105cy sp\u0142yw kajakowy rzek\u0105 Wart\u0105. Zwiedzanie ko\u015bcio\u0142a Wniebowzi\u0119cia NPM oraz Klasztoru Jasnog\u00f3rskiego. Ogl\u0105danie Ska\u0142y Mi\u0142o\u015bci oraz przepi\u0119knych rze\u017ab w topolowym drewnie.<\/p><p>Przyk\u0142adowa cena pokoju&nbsp; dwu osobowego to 40 pln od osoby za dob\u0119. W przypadku nogleg\u00f3w grupowych ceny s\u0105 do negocjacji.<\/p><p><br><\/p>\n<p><!-- \/wp:paragraph --><\/p>\t\t\t\t\t\t<\/div>\n\t\t\t\t<\/div>\n\t\t\t\t\t<\/div>\n\t\t<\/div>\n\t\t\t\t\t\t\t<\/div>\n\t\t<\/section>\n\t\t\t\t\t\t<\/div>\n\t\t\t\t\t<\/div>\n\t\t","protected":false},"excerpt":{"rendered":"<p>O nas Gospodarstwo znajduje si\u0119 w miejscowo\u015bci Wancerz\u00f3w ko\u0142o Mstowa, 15 km od Cz\u0119stochowy. Na miejscu na naszych go\u015bci czeka 20 miejsc noclegowych w 2,3 lub 4 osobowych pokojach z og\u00f3lnodost\u0119pn\u0105 kuchni\u0105 i \u0142azienk\u0105. Wszystkie pokoje posiadaj\u0105 dost\u0119p do internetu oraz TV. Nasze gospodarstwo posiada miejsce na ognisko a tak\u017ce grilla. Do pa\u0144stwa dyspozji jest &hellip; <\/p>\n<p class=\"link-more\"><a href=\"https:\/\/e-amonit.pl\/?page_id=68\" class=\"more-link\">Czytaj dalej<span class=\"screen-reader-text\"> O NAS<\/span><\/a><\/p>\n","protected":false},"author":1,"featured_media":85,"parent":0,"menu_order":0,"comment_status":"closed","ping_status":"closed","template":"","meta":{"spay_email":""},"_links":{"self":[{"href":"https:\/\/e-amonit.pl\/index.php?rest_route=\/wp\/v2\/pages\/68"}],"collection":[{"href":"https:\/\/e-amonit.pl\/index.php?rest_route=\/wp\/v2\/pages"}],"about":[{"href":"https:\/\/e-amonit.pl\/index.php?rest_route=\/wp\/v2\/types\/page"}],"author":[{"embeddable":true,"href":"https:\/\/e-amonit.pl\/index.php?rest_route=\/wp\/v2\/users\/1"}],"replies":[{"embeddable":true,"href":"https:\/\/e-amonit.pl\/index.php?rest_route=%2Fwp%2Fv2%2Fcomments&post=68"}],"version-history":[{"count":8,"href":"https:\/\/e-amonit.pl\/index.php?rest_route=\/wp\/v2\/pages\/68\/revisions"}],"predecessor-version":[{"id":157,"href":"https:\/\/e-amonit.pl\/index.php?rest_route=\/wp\/v2\/pages\/68\/revisions\/157"}],"wp:featuredmedia":[{"embeddable":true,"href":"https:\/\/e-amonit.pl\/index.php?rest_route=\/wp\/v2\/media\/85"}],"wp:attachment":[{"href":"https:\/\/e-amonit.pl\/index.php?rest_route=%2Fwp%2Fv2%2Fmedia&parent=68"}],"curies":[{"name":"wp","href":"https:\/\/api.w.org\/{rel}","templated":true}]}}